. Let s be t(7). Suppose 3*q = s - 207. What are the prime factors of q?
2, 7, 13
Let c(x) = -x**3 + 61*x**2 + 169*x - 15. List the prime factors of c(24).
3, 313
Suppose 734*x - 1602742 = 697*x - 234223. List the prime factors of x.
3, 12329
Let p(w) = -188*w**3 - 3*w**2 + 4*w - 4. Let h(o) = -188*o**3 - 3*o**2 + 4*o - 4. Let t(f) = -4*h(f) + 3*p(f). List the prime factors of t(1).
191
Let p be 236/(-24) - 5/30. Let s(v) be the second derivative of -v**3 + 31*v**2/2 - 29*v. List the prime factors of s(p).
7, 13
Suppose -2 = -4*j + 6. Suppose n - 8 = 3*n - h, 0 = j*n + 5*h - 16. What are the prime factors of (n/3)/((-14)/1449)?
3, 23
Suppose -247577 = 1120*v - 1131*v. What are the prime factors of v?
71, 317
Suppose 0 = -57*w + 14*w + 133300. What are the prime factors of w?
2, 5, 31
Suppose -g + v = 109, -g - 5*v - 26 = 101. Let x = g - -112. Let i(n) = n**3 + 2*n**2 + n + 263. List the prime factors of i(x).
263
Suppose 28*q = 897 + 23743. Suppose -2*g - w + q = 3*g, g + w - 176 = 0. List the prime factors of g.
2, 11
Suppose h - 57 = -11. Suppose -48 + h = a, 2*s = -4*a + 2300. What are the prime factors of s?
2, 577
Suppose 4*c + 12125 = -4*l + 42353, -15100 = -2*c + 5*l. Suppose 0 = -27*m + c + 923. What are the prime factors of m?
2, 157
What are the prime factors of (-112)/6*704406/(-296) - 2?
2, 5, 2221
Let t be (-1*5 - -2)*(-30)/18. Suppose 34*i - t = 29*i. List the prime factors of 72 - (0/i)/(-1).
2, 3
Suppose -143*r = -1958224 + 1262499 - 1874128. What are the prime factors of r?
17971
What are the prime factors of -5 - (-80674)/((-121)/(-11))?
3, 7, 349
Suppose -25167 - 21149 = -2*v + 5*y, -v - 4*y = -23145. List the prime factors of v.
13, 137
Suppose -2*g = -5*g + 3*z, 0 = -3*z. Let q be (-1)/(-2)*g - -4. Suppose w = 76 + q. What are the prime factors of w?
2, 5
Let r be ((-24)/(-18))/(2/3). Suppose 4*o + 4*x - 16 = 0, x - 12 = -r*o - o. Suppose y - 152 = o*m, -895 = -4*y - 3*m - 230. List the prime factors of y.
2, 41
Let o(b) = -b**2 + 5*b + 4. Let h be o(6). Let w be 3*(-4)/24*h*3. List the prime factors of w/(-6) - 1444/(-8).
2, 3, 5
Suppose -2*v + a + 4*a + 15 = 0, -30 = -v - 5*a. Let r(p) = 71*p. Let x be r(-1). Let q = v - x. List the prime factors of q.
2, 43
Let o(v) be the third derivative of 83*v**5/60 - v**4/12 + v**2. Let x(l) = 3*l**2 + 20*l + 11. Let n be x(-6). What are the prime factors of o(n)?
5, 17
Suppose 2*g - 7020 = -5*v, 3*g - 8929 = 4*v + 1601. Suppose -9*d + 828 + g = 0. What are the prime factors of d?
2, 241
Suppose v = -1145 - 1231. List the prime factors of (-1)/((6/1)/v).
2, 3, 11
Let f(a) = -a**3 + 16*a**2 + 9. Let q be f(16). Suppose 12*m + 3 = q*m. Let y = 80 + m. What are the prime factors of y?
79
Suppose 75*u = 77*u - 2820. Let o = u - 783. List the prime factors of o.
3, 11, 19
Let i(l) = l**3 + 5*l**2 - l - 5. Let p be i(-5). Suppose p = -10*w + 7*w - 33. List the prime factors of (w/((-66)/(-428)))/((-2)/6).
2, 107
Let g(o) be the first derivative of 2*o**2 - 11*o - 16. Let b be g(3). Suppose -b = 2*f - 9. List the prime factors of f.
2
Suppose -5*w + 4*m - 116 = -1442, -4*w - 5*m = -1028. Suppose 7*v - w = 130. What are the prime factors of v?
2, 7
Let p(b) = 12*b**2 - 11*b - 1. Let f be p(3). Suppose 5*u - 443 = -q, -3*u + f = -q + 477. List the prime factors of q.
2, 11, 19
List the prime factors of (-2)/((-5250)/(-62510) + 2/(-57)*3).
2, 47
Let v = 103 - 41. Let a = 175 + v. Suppose -3*c + 6*c = a. List the prime factors of c.
79
Let u(d) be the second derivative of -d**4/12 + 17*d**3/6 + 301*d**2/2 - 7*d - 1. List the prime factors of u(23).
163
Suppose -2*j - 94 = -w - 101, 4*w - 8 = 2*j. Let y(h) = -92*h. Let r be y(-1). Suppose -j*f - r + 602 = 0. What are the prime factors of f?
5, 17
Let g be ((-14)/7 - -2450) + -4. Suppose -8*a + g = -652. List the prime factors of a.
3, 43
Let r(m) be the first derivative of -3*m**5/40 - 13*m**4/12 + 14*m**3/3 + 11. Let c(t) be the third derivative of r(t). What are the prime factors of c(-12)?
2, 41
Let k(p) = 41*p**2 - 17*p - 30. Let f(o) = -39*o**2 + 17*o + 30. Let t(d) = 4*f(d) + 5*k(d). What are the prime factors of t(-2)?
2, 5
Suppose 3*v - 274 = -f, -5*f + 9*f = -3*v + 268. Suppose -h = 3*a - v, -10*a = h - 6*a - 96. What are the prime factors of h?
2, 5
Suppose -5*d + 0*z - 2*z + 38982 = 0, 5*z + 31179 = 4*d. Suppose 26*s + d = 21732. What are the prime factors of s?
2, 67
Suppose -40763 = -z + 5*k, -40*z + 3*k - 163144 = -44*z. List the prime factors of z.
17, 2399
Suppose 4*c + x = -c - 18, -x + 2 = 0. What are the prime factors of (12/(-6))/(c/978)?
3, 163
Let i = 19786 - 9986. List the prime factors of i.
2, 5, 7
Let x = -480 + 916. Let n = x - 167. Suppose -4*a - 8 = 0, n + 254 = 5*w + a. List the prime factors of w.
3, 5, 7
Let k be (420/49 + -8)/(2/553). What are the prime factors of (28/4)/(2/k)?
7, 79
Let v = -2 + 2. Suppose v*a = -3*a. What are the prime factors of a - (13*-3 - -2)?
37
Let i(v) = -1. Let c(f) = -3*f - 25. Let t(g) = -c(g) + 5*i(g). Let y be t(-5). Suppose 4*j + 90 = y*o + 3*j, 5*j + 18 = o. What are the prime factors of o?
2, 3
Let p = -36419 + 85564. List the prime factors of p.
5, 9829
Let a = -9386 + 23391. What are the prime factors of a?
5, 2801
Let l(a) = -a**3 + 8*a**2 - a + 4. Let o be l(8). Let v be 14/(-56) + (-489)/o. Suppose 3*k + 2*p - v = 3*p, 5*p - 14 = -k. What are the prime factors of k?
3, 13
Let p(q) = 2*q**3 + 10*q**2 - 64*q + 875. List the prime factors of p(27).
163, 281
Let f = 24 - 20. Suppose 11*m - f = 9*m. Suppose -2*b - 133 = -3*b - m*i, 0 = 3*b + 4*i - 393. List the prime factors of b.
127
What are the prime factors of 890 - (-4)/(-2) - (-2 - -6)?
2, 13, 17
Suppose 0 = -2*o + 2244*h - 2242*h + 11776, 2*o = h + 11774. List the prime factors of o.
2, 3, 109
Let r = -1020 - -1619. Suppose -r - 10919 = -13*b. List the prime factors of b.
2, 443
Suppose 2*k - 164 = -l, 4*l + 11 = -2*k + 181. Suppose 2*v - p = 7 + 48, 3*v - 2*p - k = 0. Suppose v*w - 166 = 27*w. What are the prime factors of w?
83
List the prime factors of (9 + -10 - -1) + 5599 + 0.
11, 509
Suppose 0 = -43*z - 8*z + 523066 - 27856. List the prime factors of z.
2, 5, 971
Let p(d) = 343*d + 1478. What are the prime factors of p(9)?
5, 11, 83
Let w = -236 + 168. Let d = w + 422. What are the prime factors of d?
2, 3, 59
Let z be (-2)/(4/((-176)/(-140)) + -3). Let q(i) = 25*i + 9. Let j(p) = -124*p - 46. Let k(s) = z*q(s) - 2*j(s). List the prime factors of k(-2).
47
What are the prime factors of (4004 - (-15 + 5)) + 12/2*-1?
2, 3, 167
Suppose 15 = 3*l + 3. Let q be (-2)/(-6) + (-8372)/(-21). Suppose l*k = 7*k - q. What are the prime factors of k?
7, 19
Suppose 5*t - 1682 = 3*h, -4*t = -0*t - 2*h - 1348. What are the prime factors of t?
2, 5, 17
Let m be (0 - -1)*(-11 - -11) - -4. Suppose g + j = -2, j = -2*g + m*j + 6. Suppose -c - 6 + 32 = g. List the prime factors of c.
2, 13
Suppose 5*u + 410 = 5*p, 2*u + 24 = 4*p - 150. Let w = u + 77. Suppose w = -66*o + 64*o + 188. What are the prime factors of o?
2, 47
Let w be 9966/34 + 28/(-238). Suppose -174 = -4*n - 4*j + 1022, n - j = w. List the prime factors of n.
2, 37
Suppose 17*a = -187*a + 1986960. List the prime factors of a.
2, 5, 487
Suppose -59954 + 18051 = -7*x + 27698. List the prime factors of x.
61, 163
What are the prime factors of -6 - (15280/(-4) + -5 - -6)?
3, 31, 41
Let d be ((-4)/22)/((-1)/11) + 0. Suppose -d*p + 849 = -4*j + 5*j, p = 3. What are the prime factors of j?
3, 281
Let m(g) = 42*g - 222. Let r = -35 + 48. List the prime factors of m(r).
2, 3
Let i be 1896/1 + (4 + -7)/1. Let d = i + -1316. List the prime factors of d.
577
Let p = 69324 - 17537. What are the prime factors of p?
51787
Suppose 8*y = 3*y + 20. Suppose 0 = 2*m + y - 8. Suppose -5*u + 286 = -3*x, -m*x + 4 = -4*x. List the prime factors of u.
2, 7
Suppose -15629 = 17*m - 63926. List the prime factors of m.
3, 947
Let s = 204664 - 119487. List the prime factors of s.
19, 4483
Let k be 306/90 - 4/10. Suppose -k*g = -2*g. Suppose -x + 0*x + 100 = g. What are the prime factors of x?
2, 5
Suppose -164 = -15*b + 1. Let p(h) = 214*h - 351. What are the prime factors of p(b)?
2003
Let v(l) = -l**3 + 38*l**2 + 237*l + 4. List the prime factors of v(21).
2, 17, 367
Let z be -2 - -10 - (-5 + 1